**4/12 - u**3/2 + u**2/2 - 2*u. Determine t(p).
5
Suppose 3*n + 2 = 23. Let i(o) = 3*o**2 + 4 + 3*o + 5*o**2 - n*o**2 - 2*o. What is i(0)?
4
Let f(x) = -x - 5 + 2*x + 2. Determine f(3).
0
Let y(v) be the second derivative of v**3/6 + 2*v**2 + 5*v. Determine y(-3).
1
Let m(s) = s**2 - 4*s - 2. Let g(a) = a**2 - a + 22. Let z be g(0). Let k = z - -13. Suppose k = 5*f - 5*j, 0 = -f + 2*j + 2*j + 16. What is m(f)?
-2
Suppose j - 8 = -3*z, -5*z + 2*j + 16 = j. Let q(c) = -2 + 3 - c**3 + c - 2 + 2*c**2. Determine q(z).
-7
Let x be 1 + (-11 - (-2)/2). Let j be (-15)/x - (-2)/6. Let i = j + -5. Let b(c) = c**2 - c - 4. Determine b(i).
8
Let q be (-8)/(-2)*(-4)/(-8). Let a be 4/6*(-1 - q). Let j(m) = 2*m + 2. Let w(n) = -3*n - 5. Let b(c) = -5*j(c) - 2*w(c). What is b(a)?
8
Suppose -6*n + 20 = -2*n. Let x(i) be the third derivative of 0*i**4 + 0*i + 1/3*i**3 - i**2 - 1/120*i**6 - 1/15*i**n + 0. Calculate x(-4).
2
Let l(f) = f**3 + 5*f**2 - 5*f + 7. Let v = -14 + 8. Calculate l(v).
1
Let a(k) be the third derivative of k**4/8 - k**3/2 + 446*k**2. Suppose 0 - 2 = -i. Calculate a(i).
3
Let m(w) = 5 + 2 - 2*w - 4. Let q = -168 + 162. Calculate m(q).
15
Let p(z) = z. Let h(s) = -2*s + 4. Suppose -3*i = -3*o - 6*i + 9, -o + 3*i = -3. Let q be h(o). Let g be q/(-1 - 21/(-15)). What is p(g)?
-5
Let u(b) = -4*b + 4. Let v(n) = 3*n - 4. Let m(h) = 4*h - 4. Let j be m(2). Let p(l) = j*u(l) + 5*v(l). Suppose 2*z - 3*g = 0, -z - 4*g = 2*z - 17. Give p(z).
-7
Let t be ((-2)/3)/((-3)/9). Let c(u) = 0*u**2 + 2 + 5*u + 6*u**2 - 3*u**2 - 2*u**t. Determine c(-4).
-2
Let p(r) = r**3 + 5*r**2 - 7*r - 4. Let v be p(-6). Let g(c) = -5*c**v - c**3 - c + 2*c - 2 + c**2. What is g(-4)?
-6
Let n(t) be the third derivative of t**8/20160 + t**7/1680 + t**6/360 - t**5/20 - 3*t**2. Let y(d) be the third derivative of n(d). Calculate y(-2).
0
Let g(r) = -7*r**3 + 8*r**2 + 2*r + 3. Let w(l) = 3*l**3 - 4*l**2 - l - 1. Let f(y) = -4*g(y) - 9*w(y). Suppose 4*i = -20, -4*q + 1 = -2*i + 7. What is f(q)?
-7
Suppose 0 = -2*v - 4 + 12. Let q(t) = -1 - t + 2*t + 4*t - v*t. Calculate q(5).
4
Let x(z) = -z - 2. Let d be x(-6). Let h be (-3)/2*-4 + 0. Let f(i) = -2 - 1 + h*i - 4*i + 0. Give f(d).
5
Let w(i) = -i - 5*i**2 + 4*i**2 - 3 + 1. Let b(j) = j. Let p(v) = 6*b(v) - w(v). What is p(-5)?
-8
Let j(a) = -4*a - 3. Let x = -3 - -3. Let k(g) = -11 + x - 23*g + 6*g. Let m(c) = 9*j(c) - 2*k(c). Calculate m(-5).
5
Let b(x) be the second derivative of -x**3/2 + x**2 - x. Let y be b(2). Let t(l) = l**3 + 4*l**2 - l + 1. What is t(y)?
5
Let n(t) be the first derivative of -t**3/2 + 2*t**2 - 5*t + 4. Let o(s) be the first derivative of n(s). Give o(3).
-5
Let d(q) = -q**3 + 4*q**2 - 2*q - 2. Let g = -45 + 49. Calculate d(g).
-10
Let i(m) = 1 - 3*m + 0*m - m + 11*m. What is i(-2)?
-13
Let x(h) = -1 - 5*h**3 + h**3 - 5*h**2 + 6. Let n(s) = s**3 - 1. Suppose 2*t = l + 1, -2*t + 8 = 2. Let c(i) = l*n(i) + x(i). Determine c(5).
0
Let f(y) be the first derivative of -y**2/2 - 7*y - 1. Let g = 7 - 4. Let k = g - 3. What is f(k)?
-7
Let o(b) = 2*b + 4. Let d = 1 + -4. What is o(d)?
-2
Let o(i) = i**2 - 6*i + 8. Let f(y) = y**2 - 8*y - 5. Let u be f(9). Suppose z - u = 2. Determine o(z).
8
Let d(j) be the third derivative of -j**4/24 + j**3/2 - 8*j**2. Give d(5).
-2
Let t(g) = -g - 11. Let p be t(-10). Let d(r) = -5*r**2 - 5*r - 2. Let h = -4 - -2. Let n(f) = f**2 + f + 1. Let m(j) = h*n(j) + p*d(j). What is m(-2)?
6
Let z(x) = x - 1. Let n be (-4)/(-6)*((-51)/6 - -4). Give z(n).
-4
Let l(b) = b - 8. Let u be l(8). Let a(m) = 0 - m - 3 + 3 + 3. Give a(u).
3
Let r(w) be the third derivative of -1/2*w**3 + 0 + 0*w - 1/60*w**5 + 5/24*w**4 - 5*w**2. Calculate r(4).
1
Let s(r) = 2*r - 2*r - 3 + r - 3. Determine s(7).
1
Let v be ((-9)/3 - -7) + 1. Let l(y) = v + 3*y**2 + 8*y**2 - 5*y**2 + y**3. Calculate l(-6).
5
Let l(x) = x**2 - x. Let s(o) = -2*o - 4. Let t(r) = -4*r - 7. Let n(f) = 5*s(f) - 3*t(f). Let d(c) = l(c) + n(c). What is d(0)?
1
Let f(p) = -p**3 + 5*p**2 + p - 3. Let d = 12 - -4. Let b = d + -11. Determine f(b).
2
Suppose -5*h + 4*p + 29 = 0, 3*h + 4*p + 0*p - 11 = 0. Suppose 0 = n + 6 - h. Let v(z) = -5*z - 5*z + 2*z. Give v(n).
8
Suppose -3*u = -26 + 8. Let t(x) = -x + 10. What is t(u)?
4
Let b(x) be the first derivative of 5 - 3 - 2*x**2 + x - 3*x. Calculate b(2).
-10
Let h be (6/9)/((-6)/(-27)). Let d(r) = -r**3 + 3*r**2 + 5*r - 4. What is d(h)?
11
Let a(o) = -73*o + 3 - 73*o + 145*o. Give a(-4).
7
Let n(b) be the first derivative of b**5/60 + b**4/6 - b**3/6 + b**2/2 - 1. Let p(u) be the second derivative of n(u). Determine p(-2).
-5
Let z(i) be the third derivative of i**5/20 - i**4/24 - i**3/3 + 65*i**2. Give z(2).
8
Let q = -2 + 2. Let j(p) = 3 + 3 + q*p + p. Suppose -5*z = -z. Give j(z).
6
Suppose 20 = 4*r + r. Let g(u) = 3 + 3*u + u - r*u**2 - 7*u - u**3. Suppose 0 = m + 3 - 0. What is g(m)?
3
Let f(n) be the second derivative of n - 1/6*n**4 - 2/3*n**3 + 0 + 1/20*n**5 + 2*n**2. Suppose 0 = -2*z - z + 9. What is f(z)?
1
Suppose -n - 6 = -4*l + n, 4*l - 26 = -2*n. Let w(i) = i - 2 + 1 + 4 - 4. Calculate w(l).
3
Let o(c) = -4*c**2 + 2*c + 1. Suppose -2*t = 8 - 6. Give o(t).
-5
Let d(i) = -10*i**2 + 5*i - 5. Let l(b) = -11*b**2 + 5*b - 5. Let c(g) = 5*d(g) - 4*l(g). Let p(r) = 7*r**2 - 6*r + 6. Let s(x) = 6*c(x) + 5*p(x). What is s(0)?
0
Let x = 3 + -2. Let f(t) = 91*t - 3. Let a(q) = 819*q - 28. Let s(b) = -3*a(b) + 28*f(b). Let w(r) = 10*r. Let p(z) = 3*s(z) - 28*w(z). Calculate p(x).
-7
Let i = -144 - -143. Let b(g) be the third derivative of -g**4/24 - g**3/6 - 2*g**2. Give b(i).
0
Let x(v) = v**3 + 5*v**2 + 2*v - 5. Let w = 10 - 14. Calculate x(w).
3
Let n(q) be the first derivative of -q**6/120 - q**5/20 + q**4/4 + 2*q**3/3 + 3*q**2/2 - 4. Let y(w) be the second derivative of n(w). Determine y(-4).
-4
Suppose 3*n - 27 = 3*p, -2*n - 1 = -9. Let g(y) = -y**3 - 4*y**2 + 5*y + 6. Determine g(p).
6
Let t = -9 - -12. Suppose 0 = -6*w + 9*w - t. Let q(d) = -3*d**2 + d. Calculate q(w).
-2
Let s(o) be the second derivative of -1/20*o**5 + 2*o + 0*o**2 + 0*o**3 + 0*o**4 + 0. Determine s(1).
-1
Let t(f) be the third derivative of -f**6/120 - f**5/12 - 5*f**4/24 + f**3/2 - 8*f**2 + f. Give t(-4).
7
Suppose 5*g - 5 = 10. Let q(n) be the third derivative of g*n**2 - 1/120*n**6 + 0 + 0*n**4 + 0*n - 1/3*n**3 + 1/12*n**5. What is q(5)?
-2
Let h(d) = d**3 - 4*d**2 + 3*d - 3. Suppose 9*i = 22 + 5. Calculate h(i).
-3
Let h(z) = -z**3 - 4*z**2 + 3*z + 6. Let x(b) = -b + 3. Let s be x(7). Calculate h(s).
-6
Suppose 5*m - 6 = 4*x, 0*x = 3*m - 2*x - 4. Let t(k) be the third derivative of -k**4/4 + k**3/6 - k**2. Determine t(m).
-11
Let i(m) = 0 - 3 + 3*m - 13*m + 5*m. Determine i(-2).
7
Let k(w) = -w**2 + 1. Let p(x) = 3*x**2 + 3*x - 8. Let g(s) = 5*k(s) + p(s). Let v(f) = 2*f. Let u be v(1). Calculate g(u).
-5
Let j(i) = 3*i + 5*i**2 + 6*i**2 - 12*i**2. Let q be j(4). Let g(n) = -3*n. Give g(q).
12
Suppose 0 = 2*s - 3*b - 7, -5*b = 2*s - 4*s + 9. Suppose 2*u - s = u. Let h(q) = q. Determine h(u).
2
Let t(a) = -8 - a**2 + 0*a**2 + 2 + 6*a. Suppose 0 = -2*i - 2*c, -1 - 4 = -3*i - 2*c. Calculate t(i).
-1
Let p(o) be the first derivative of -6*o**2 + 3*o + 3. What is p(2)?
-21
Let p(u) = u**3 - 4*u**2. Let n = 21 - 17. Calculate p(n).
0
Let r(t) = 3*t. Suppose 0 = -u + 7 - 4. What is r(u)?
9
Let u(w) = 4*w**2 + 5*w - w**2 - w**3 + 2*w**2 + 8. Determine u(6).
2
Let g(x) = -7*x + 16. Let t be 16/6*(-9)/(-4). Let y(h) = -33 - 17 + 20*h + 3. Let i(r) = t*y(r) + 17*g(r). Determine i(5).
-5
Suppose -9*g + 12*g = 6. Let l(v) = v**3 - v**2 - v - 1. Determine l(g).
1
Let z(j) = j - 2*j**2 + 2 + 3*j**2 - 2*j + 3*j. What is z(-3)?
5
Let u(v) be the second derivative of 0 + 3*v - 1/2*v**2 - 1/2*v**3. What is u(-2)?
5
Let p(x) = 0 - 6*x + 5*x**2 + 1 - 7 - 6*x**2. Calculate p(-4).
2
Let y(c) be the third derivative of c**6/120 + c**5/60 - c**4/24 + 2*c**3/3 + 20*c**2. Suppose 3*o - 3*w + 3 = 6, -11 = -3*o + 5*w. Calculate y(o).
-11
Let s(j) = -7*j - 3. Suppose 2*c - 16 + 2 = 0. Suppose -z = -2*f - 8, -c - 3 = 3*f - z. Determine s(f).
11
Suppose l = -5 + 1. Let a be l/3*3/2. Let u(s) = 2*s + 1. Let m(n) = -3*n - 1. Let b(c) = 2*m(c) + 5*u(c). What is b(a)?
-5
Let s(g) be the second derivative of g**6/120 - g**5/15 - g**3/6 + 3*g